{"id":307,"date":"2017-06-29T01:46:26","date_gmt":"2017-06-28T23:46:26","guid":{"rendered":"http:\/\/oeko-tex.design-und-text.at\/filtro-di-odori\/"},"modified":"2021-11-23T11:33:34","modified_gmt":"2021-11-23T11:33:34","slug":"filtro-di-odori-2","status":"publish","type":"page","link":"https:\/\/oeko-tex.at\/es\/filtro-di-odori-2\/","title":{"rendered":"Filtro de olores"},"content":{"rendered":"<\/div><\/div><\/div><!-- close content main div --><\/div><\/div><div id='av_section_1' class='avia-section main_color avia-section-default avia-no-border-styling avia-bg-style-scroll   av-minimum-height av-minimum-height-custom container_wrap sidebar_right' style = 'background-image: '  ><div class='container' style='height:300px'><div class='template-page content  av-content-small alpha units'><div class='post-entry post-entry-type-page post-entry-307'><div class='entry-content-wrapper clearfix'>\n<div class='flex_column_table av-equal-height-column-flextable -flextable' ><div class=\"flex_column av_one_half  flex_column_table_cell av-equal-height-column av-align-top first  \" style='padding:-10; border-radius:0px; '><p><div style='height:50px' class='hr hr-invisible  '><span class='hr-inner ' ><span class='hr-inner-style'><\/span><\/span><\/div><br \/>\n<div style='padding-bottom:10px; color:#000000;' class='av-special-heading av-special-heading-h2 custom-color-heading blockquote modern-quote   '><h2 class='av-special-heading-tag '  itemprop=\"headline\"  >Filtro de olores<\/h2><div class='special-heading-border'><div class='special-heading-inner-border' style='border-color:#000000'><\/div><\/div><\/div><br \/>\n<div class='avia-image-container  av-styling-    avia-align-center '  itemprop=\"ImageObject\" itemscope=\"itemscope\" itemtype=\"https:\/\/schema.org\/ImageObject\"  ><div class='avia-image-container-inner'><div class='avia-image-overlay-wrap'><img class='avia_image ' src='https:\/\/oeko-tex.at\/wp-content\/uploads\/sites\/2\/2021\/09\/Unbenannt-5_2_Zeichenflaeche-1-1030x72.jpg' alt='' title='' height=\"72\"width=\"1030\"  itemprop=\"thumbnailUrl\"  \/><\/div><\/div><\/div><br \/>\n<section class=\"av_textblock_section \"  itemscope=\"itemscope\" itemtype=\"https:\/\/schema.org\/CreativeWork\" ><div class='avia_textblock  '  style='font-size:20px; '  itemprop=\"text\" ><p><strong>Attofix &#8211; esteras filtrantes de carb\u00f3n activado para la reducci\u00f3n de olores<\/strong><\/p>\n<\/div><\/section><\/p><\/div><\/div><!--close column table wrapper. Autoclose: 1 --><div class='flex_column_table av-equal-height-column-flextable -flextable' ><div class='av-flex-placeholder'><\/div><div class=\"flex_column av_one_half  flex_column_table_cell av-equal-height-column av-align-top   \" style='padding:0px 0px -40 0px ; border-radius:0px; '><p><div style='height:20px' class='hr hr-invisible  '><span class='hr-inner ' ><span class='hr-inner-style'><\/span><\/span><\/div><br \/>\n<div class='avia-image-container  av-styling-    avia-align-center '  itemprop=\"ImageObject\" itemscope=\"itemscope\" itemtype=\"https:\/\/schema.org\/ImageObject\"  ><div class='avia-image-container-inner'><div class='avia-image-overlay-wrap'><img class='avia_image ' src='https:\/\/oeko-tex.at\/wp-content\/uploads\/sites\/2\/2021\/09\/Unbenannt-2_3_Zeichenflaeche-1_Zeichenflaeche-1.png' alt='Geruchsabdeckung' title='' height=\"355\"width=\"886\"  itemprop=\"thumbnailUrl\"  \/><\/div><\/div><\/div><\/p><\/div><\/div><!--close column table wrapper. Autoclose: 1 -->\n<\/div><\/div><\/div><!-- close content main div --><\/div><\/div><div id='after_section_1' class='main_color av_default_container_wrap container_wrap sidebar_right'   ><div class='container' ><div class='template-page content  av-content-small alpha units'><div class='post-entry post-entry-type-page post-entry-307'><div class='entry-content-wrapper clearfix'>\n<\/div><\/div><\/div><!-- close content main div --><\/div><\/div><div id='av_section_2' class='avia-section main_color avia-section-default avia-no-shadow avia-bg-style-scroll   container_wrap sidebar_right' style = 'background-image: '  ><div class='container' ><div class='template-page content  av-content-small alpha units'><div class='post-entry post-entry-type-page post-entry-307'><div class='entry-content-wrapper clearfix'>\n<div class=\"flex_column av_one_half  flex_column_div av-zero-column-padding first  \" style='border-radius:0px; '><section class=\"av_textblock_section \"  itemscope=\"itemscope\" itemtype=\"https:\/\/schema.org\/CreativeWork\" ><div class='avia_textblock  '   itemprop=\"text\" ><p>La estera filtrante Attofix de gran superficie contiene 20 veces m\u00e1s carb\u00f3n activado que las esteras filtrantes de carb\u00f3n activado est\u00e1ndar. Se utiliza principalmente como cortina de olores o para cubrir, por ejemplo, vertederos intermedios, lodos de perforaci\u00f3n en obras de construcci\u00f3n, plantas de compostaje, contenedores de residuos, etc.<\/p>\n<p>Las esteras filtrantes son muy robustas, permeables al aire y resistentes a los rayos UV durante a\u00f1os. El carb\u00f3n activo contenido (1,2 o 2,5 kg\/m\u00b2) est\u00e1 especialmente dise\u00f1ado para filtrar olores y contaminantes durante un tiempo extremadamente largo.<\/p>\n<p>Dado que la capa de carb\u00f3n activo se fija de forma puramente mec\u00e1nica (sin adhesivos ni resinas) entre 2 esteras filtrantes, el 100% de la superficie de carb\u00f3n activo est\u00e1 disponible para la absorci\u00f3n de olores, a diferencia de otros productos. Las dos capas filtrantes exteriores, hechas de geotextiles resistentes al desgarro y estabilizados a los rayos UV, protegen la capa intermedia de carb\u00f3n activo, impiden el contacto directo con la tierra o los materiales de desecho y evitan as\u00ed la contaminaci\u00f3n.<\/p>\n<\/div><\/section><\/div><div class=\"flex_column av_one_half  flex_column_div av-zero-column-padding   \" style='border-radius:0px; '><p><div style='height:10px' class='hr hr-invisible  '><span class='hr-inner ' ><span class='hr-inner-style'><\/span><\/span><\/div><br \/>\n<section class=\"av_textblock_section \"  itemscope=\"itemscope\" itemtype=\"https:\/\/schema.org\/CreativeWork\" ><div class='avia_textblock  '   itemprop=\"text\" ><p>La anchura est\u00e1ndar de hasta 5,0 m reduce el n\u00famero de solapamientos necesarios y, por tanto, el riesgo de fugas o filtraciones. Adem\u00e1s, las esteras de aproximadamente 1,5 &#8211; 3,0 kg\/m\u00b2 son f\u00e1ciles de proteger contra el levantamiento debido a las fuertes rachas de viento. En caso necesario, las esteras pueden soldarse a una anchura de 10 o 15 m.<\/p>\n<p>Las esteras de unos 8-13 mm de grosor son f\u00e1ciles de plegar y cortar a medida y pueden formarse, por ejemplo, en m\u00f3dulos filtrantes, c\u00edrculos o rect\u00e1ngulos.<\/p>\n<p>Campos de aplicaci\u00f3n: Vertederos, cortinas de olores, cubiertas de obras, vertederos intermedios, plantas de compostaje, contenedores de residuos, fosas s\u00e9pticas, lodos, cubiertas de transporte, laboratorios de hospitales, remediaci\u00f3n, filtros de disolventes, talleres de pintura, vapores de bet\u00fan, etc.<\/p>\n<\/div><\/section><\/p><\/div>\n<\/div><\/div><\/div><!-- close content main div --><\/div><\/div><div id='after_section_2' class='main_color av_default_container_wrap container_wrap sidebar_right'   ><div class='container' ><div class='template-page content  av-content-small alpha units'><div class='post-entry post-entry-type-page post-entry-307'><div class='entry-content-wrapper clearfix'>\n<\/div><\/div><\/div><!-- close content main div --><\/div><\/div><div id='av_section_3' class='avia-section main_color avia-section-small avia-no-border-styling avia-bg-style-scroll   container_wrap sidebar_right' style = 'background-image: '  ><div class='container' ><div class='template-page content  av-content-small alpha units'><div class='post-entry post-entry-type-page post-entry-307'><div class='entry-content-wrapper clearfix'>\n<div class='av-horizontal-gallery av-horizontal-gallery-large-gap av-horizontal-gallery--effect av-horizontal-gallery-1  av-control-default '  itemprop=\"ImageObject\" itemscope=\"itemscope\" itemtype=\"https:\/\/schema.org\/ImageObject\"   ><div class='avia-slideshow-arrows avia-slideshow-controls'><a href='#prev' class='prev-slide av-horizontal-gallery-prev' aria-hidden='true' data-av_icon='\ue87c' data-av_iconfont='entypo-fontello'>Anterior<\/a><a href='#next' class='next-slide av-horizontal-gallery-next' aria-hidden='true' data-av_icon='\ue87d' data-av_iconfont='entypo-fontello'>Posterior<\/a><\/div><div class='av-horizontal-gallery-inner' style='padding-bottom:20%' data-av-height='20'><div class='av-horizontal-gallery-slider'><div class='av-horizontal-gallery-wrap noHover'><img class='av-horizontal-gallery-img' width='300' height='204' src='https:\/\/oeko-tex.at\/wp-content\/uploads\/sites\/2\/2017\/09\/Office-Lens-20170626-151030-300x204.jpg' title='Office-Lens-20170626-151030' alt='' \/><a href='https:\/\/oeko-tex.at\/wp-content\/uploads\/sites\/2\/2017\/09\/Office-Lens-20170626-151030-1030x700.jpg'  class='av-horizontal-gallery-link' aria-hidden='true' data-av_icon='\ue869' data-av_iconfont='entypo-fontello' title=''><\/a><\/div><div class='av-horizontal-gallery-wrap noHover'><img class='av-horizontal-gallery-img' width='300' height='244' src='https:\/\/oeko-tex.at\/wp-content\/uploads\/sites\/2\/2021\/10\/Attofix-Behaelter-EN_1-300x244.png' title='Filtro de olores' alt='' \/><a href='https:\/\/oeko-tex.at\/wp-content\/uploads\/sites\/2\/2021\/10\/Attofix-Behaelter-EN_1.png'  class='av-horizontal-gallery-link' aria-hidden='true' data-av_icon='\ue869' data-av_iconfont='entypo-fontello' title=''><\/a><\/div><div class='av-horizontal-gallery-wrap noHover'><img class='av-horizontal-gallery-img' width='300' height='123' src='https:\/\/oeko-tex.at\/wp-content\/uploads\/sites\/2\/2021\/10\/Attofix-Abfall-EN-1-1030x423-1-300x123.png' title='Filtro de olores' alt='' \/><a href='https:\/\/oeko-tex.at\/wp-content\/uploads\/sites\/2\/2021\/10\/Attofix-Abfall-EN-1-1030x423-1.png'  class='av-horizontal-gallery-link' aria-hidden='true' data-av_icon='\ue869' data-av_iconfont='entypo-fontello' title=''><\/a><\/div><div class='av-horizontal-gallery-wrap noHover'><img class='av-horizontal-gallery-img' width='300' height='204' src='https:\/\/oeko-tex.at\/wp-content\/uploads\/sites\/2\/2017\/09\/Office-Lens-20170626-150930-300x204.jpg' title='Office-Lens-20170626-150930' alt='' \/><a href='https:\/\/oeko-tex.at\/wp-content\/uploads\/sites\/2\/2017\/09\/Office-Lens-20170626-150930-1030x701.jpg'  class='av-horizontal-gallery-link' aria-hidden='true' data-av_icon='\ue869' data-av_iconfont='entypo-fontello' title=''><\/a><\/div><\/div><\/div><\/div>\n<\/div><\/div><\/div><!-- close content main div --><\/div><\/div><div id='after_section_3' class='main_color av_default_container_wrap container_wrap sidebar_right'   ><div class='container' ><div class='template-page content  av-content-small alpha units'><div class='post-entry post-entry-type-page post-entry-307'><div class='entry-content-wrapper clearfix'>\n","protected":false},"excerpt":{"rendered":"","protected":false},"author":1,"featured_media":0,"parent":0,"menu_order":21,"comment_status":"closed","ping_status":"closed","template":"","meta":[],"yoast_head":"<!-- This site is optimized with the Yoast SEO plugin v15.9 - https:\/\/yoast.com\/wordpress\/plugins\/seo\/ -->\n<title>oeko-tex - Filtro de olores - para cubrir los vertederos intermedios<\/title>\n<meta name=\"description\" content=\"para cubrir vertederos temporales o biocontenedores. La estera filtrante Attofix de gran superficie contiene 20 veces m\u00e1s carb\u00f3n activado que...\" \/>\n<meta name=\"robots\" content=\"index, follow, max-snippet:-1, max-image-preview:large, max-video-preview:-1\" \/>\n<link rel=\"canonical\" href=\"https:\/\/oeko-tex.at\/es\/filtro-di-odori-2\/\" \/>\n<meta property=\"og:locale\" content=\"es_ES\" \/>\n<meta property=\"og:type\" content=\"article\" \/>\n<meta property=\"og:title\" content=\"oeko-tex - Filtro de olores - para cubrir los vertederos intermedios\" \/>\n<meta property=\"og:description\" content=\"para cubrir vertederos temporales o biocontenedores. La estera filtrante Attofix de gran superficie contiene 20 veces m\u00e1s carb\u00f3n activado que...\" \/>\n<meta property=\"og:url\" content=\"https:\/\/oeko-tex.at\/es\/filtro-di-odori-2\/\" \/>\n<meta property=\"og:site_name\" content=\"oeko-tex\" \/>\n<meta property=\"article:modified_time\" content=\"2021-11-23T11:33:34+00:00\" \/>\n<meta name=\"twitter:card\" content=\"summary_large_image\" \/>\n<meta name=\"twitter:label1\" content=\"Tiempo de lectura\">\n\t<meta name=\"twitter:data1\" content=\"7 minutos\">\n<script type=\"application\/ld+json\" class=\"yoast-schema-graph\">{\"@context\":\"https:\/\/schema.org\",\"@graph\":[{\"@type\":\"WebSite\",\"@id\":\"https:\/\/oeko-tex.at\/#website\",\"url\":\"https:\/\/oeko-tex.at\/\",\"name\":\"oeko-tex\",\"description\":\"Just another Lite-Soil GmbH Sites site\",\"potentialAction\":[{\"@type\":\"SearchAction\",\"target\":\"https:\/\/oeko-tex.at\/?s={search_term_string}\",\"query-input\":\"required name=search_term_string\"}],\"inLanguage\":\"es\"},{\"@type\":\"WebPage\",\"@id\":\"https:\/\/oeko-tex.at\/es\/filtro-di-odori-2\/#webpage\",\"url\":\"https:\/\/oeko-tex.at\/es\/filtro-di-odori-2\/\",\"name\":\"oeko-tex - Filtro de olores - para cubrir los vertederos intermedios\",\"isPartOf\":{\"@id\":\"https:\/\/oeko-tex.at\/#website\"},\"datePublished\":\"2017-06-28T23:46:26+00:00\",\"dateModified\":\"2021-11-23T11:33:34+00:00\",\"description\":\"para cubrir vertederos temporales o biocontenedores. La estera filtrante Attofix de gran superficie contiene 20 veces m\\u00e1s carb\\u00f3n activado que...\",\"breadcrumb\":{\"@id\":\"https:\/\/oeko-tex.at\/es\/filtro-di-odori-2\/#breadcrumb\"},\"inLanguage\":\"es\",\"potentialAction\":[{\"@type\":\"ReadAction\",\"target\":[\"https:\/\/oeko-tex.at\/es\/filtro-di-odori-2\/\"]}]},{\"@type\":\"BreadcrumbList\",\"@id\":\"https:\/\/oeko-tex.at\/es\/filtro-di-odori-2\/#breadcrumb\",\"itemListElement\":[{\"@type\":\"ListItem\",\"position\":1,\"item\":{\"@type\":\"WebPage\",\"@id\":\"https:\/\/oeko-tex.at\/es\/\",\"url\":\"https:\/\/oeko-tex.at\/es\/\",\"name\":\"Startseite\"}},{\"@type\":\"ListItem\",\"position\":2,\"item\":{\"@type\":\"WebPage\",\"@id\":\"https:\/\/oeko-tex.at\/es\/filtro-di-odori-2\/\",\"url\":\"https:\/\/oeko-tex.at\/es\/filtro-di-odori-2\/\",\"name\":\"Filtro de olores\"}}]}]}<\/script>\n<!-- \/ Yoast SEO plugin. -->","_links":{"self":[{"href":"https:\/\/oeko-tex.at\/es\/wp-json\/wp\/v2\/pages\/307"}],"collection":[{"href":"https:\/\/oeko-tex.at\/es\/wp-json\/wp\/v2\/pages"}],"about":[{"href":"https:\/\/oeko-tex.at\/es\/wp-json\/wp\/v2\/types\/page"}],"author":[{"embeddable":true,"href":"https:\/\/oeko-tex.at\/es\/wp-json\/wp\/v2\/users\/1"}],"replies":[{"embeddable":true,"href":"https:\/\/oeko-tex.at\/es\/wp-json\/wp\/v2\/comments?post=307"}],"version-history":[{"count":4,"href":"https:\/\/oeko-tex.at\/es\/wp-json\/wp\/v2\/pages\/307\/revisions"}],"predecessor-version":[{"id":3102,"href":"https:\/\/oeko-tex.at\/es\/wp-json\/wp\/v2\/pages\/307\/revisions\/3102"}],"wp:attachment":[{"href":"https:\/\/oeko-tex.at\/es\/wp-json\/wp\/v2\/media?parent=307"}],"curies":[{"name":"wp","href":"https:\/\/api.w.org\/{rel}","templated":true}]}}

</div></div></div><!-- close content main div --></div></div><div id='av_section_1' class='avia-section main_color avia-section-default avia-no-border-styling avia-bg-style-scroll   av-minimum-height av-minimum-height-custom container_wrap sidebar_right' style = 'background-image: '  ><div class='container' style='height:300px'><div class='template-page content  av-content-small alpha units'><div class='post-entry post-entry-type-page post-entry-307'><div class='entry-content-wrapper clearfix'>
<div class='flex_column_table av-equal-height-column-flextable -flextable' ><div class="flex_column av_one_half  flex_column_table_cell av-equal-height-column av-align-top first  " style='padding:-10; border-radius:0px; '><p><div style='height:50px' class='hr hr-invisible  '><span class='hr-inner ' ><span class='hr-inner-style'></span></span></div><br />
<div style='padding-bottom:10px; color:#000000;' class='av-special-heading av-special-heading-h2 custom-color-heading blockquote modern-quote   '><h2 class='av-special-heading-tag '  itemprop="headline"  >Filtro de olores</h2><div class='special-heading-border'><div class='special-heading-inner-border' style='border-color:#000000'></div></div></div><br />
<div class='avia-image-container  av-styling-    avia-align-center '  itemprop="ImageObject" itemscope="itemscope" itemtype="https://schema.org/ImageObject"  ><div class='avia-image-container-inner'><div class='avia-image-overlay-wrap'><img class='avia_image ' src='https://oeko-tex.at/wp-content/uploads/sites/2/2021/09/Unbenannt-5_2_Zeichenflaeche-1-1030x72.jpg' alt='' title='' height="72"width="1030"  itemprop="thumbnailUrl"  /></div></div></div><br />
<section class="av_textblock_section "  itemscope="itemscope" itemtype="https://schema.org/CreativeWork" ><div class='avia_textblock  '  style='font-size:20px; '  itemprop="text" ><p><strong>Attofix &#8211; esteras filtrantes de carbón activado para la reducción de olores</strong></p>
</div></section></p></div></div><!--close column table wrapper. Autoclose: 1 --><div class='flex_column_table av-equal-height-column-flextable -flextable' ><div class='av-flex-placeholder'></div><div class="flex_column av_one_half  flex_column_table_cell av-equal-height-column av-align-top   " style='padding:0px 0px -40 0px ; border-radius:0px; '><p><div style='height:20px' class='hr hr-invisible  '><span class='hr-inner ' ><span class='hr-inner-style'></span></span></div><br />
<div class='avia-image-container  av-styling-    avia-align-center '  itemprop="ImageObject" itemscope="itemscope" itemtype="https://schema.org/ImageObject"  ><div class='avia-image-container-inner'><div class='avia-image-overlay-wrap'><img class='avia_image ' src='https://oeko-tex.at/wp-content/uploads/sites/2/2021/09/Unbenannt-2_3_Zeichenflaeche-1_Zeichenflaeche-1.png' alt='Geruchsabdeckung' title='' height="355"width="886"  itemprop="thumbnailUrl"  /></div></div></div></p></div></div><!--close column table wrapper. Autoclose: 1 -->
</div></div></div><!-- close content main div --></div></div><div id='after_section_1' class='main_color av_default_container_wrap container_wrap sidebar_right'   ><div class='container' ><div class='template-page content  av-content-small alpha units'><div class='post-entry post-entry-type-page post-entry-307'><div class='entry-content-wrapper clearfix'>
</div></div></div><!-- close content main div --></div></div><div id='av_section_2' class='avia-section main_color avia-section-default avia-no-shadow avia-bg-style-scroll   container_wrap sidebar_right' style = 'background-image: '  ><div class='container' ><div class='template-page content  av-content-small alpha units'><div class='post-entry post-entry-type-page post-entry-307'><div class='entry-content-wrapper clearfix'>
<div class="flex_column av_one_half  flex_column_div av-zero-column-padding first  " style='border-radius:0px; '><section class="av_textblock_section "  itemscope="itemscope" itemtype="https://schema.org/CreativeWork" ><div class='avia_textblock  '   itemprop="text" ><p>La estera filtrante Attofix de gran superficie contiene 20 veces más carbón activado que las esteras filtrantes de carbón activado estándar. Se utiliza principalmente como cortina de olores o para cubrir, por ejemplo, vertederos intermedios, lodos de perforación en obras de construcción, plantas de compostaje, contenedores de residuos, etc.</p>
<p>Las esteras filtrantes son muy robustas, permeables al aire y resistentes a los rayos UV durante años. El carbón activo contenido (1,2 o 2,5 kg/m²) está especialmente diseñado para filtrar olores y contaminantes durante un tiempo extremadamente largo.</p>
<p>Dado que la capa de carbón activo se fija de forma puramente mecánica (sin adhesivos ni resinas) entre 2 esteras filtrantes, el 100% de la superficie de carbón activo está disponible para la absorción de olores, a diferencia de otros productos. Las dos capas filtrantes exteriores, hechas de geotextiles resistentes al desgarro y estabilizados a los rayos UV, protegen la capa intermedia de carbón activo, impiden el contacto directo con la tierra o los materiales de desecho y evitan así la contaminación.</p>
</div></section></div><div class="flex_column av_one_half  flex_column_div av-zero-column-padding   " style='border-radius:0px; '><p><div style='height:10px' class='hr hr-invisible  '><span class='hr-inner ' ><span class='hr-inner-style'></span></span></div><br />
<section class="av_textblock_section "  itemscope="itemscope" itemtype="https://schema.org/CreativeWork" ><div class='avia_textblock  '   itemprop="text" ><p>La anchura estándar de hasta 5,0 m reduce el número de solapamientos necesarios y, por tanto, el riesgo de fugas o filtraciones. Además, las esteras de aproximadamente 1,5 &#8211; 3,0 kg/m² son fáciles de proteger contra el levantamiento debido a las fuertes rachas de viento. En caso necesario, las esteras pueden soldarse a una anchura de 10 o 15 m.</p>
<p>Las esteras de unos 8-13 mm de grosor son fáciles de plegar y cortar a medida y pueden formarse, por ejemplo, en módulos filtrantes, círculos o rectángulos.</p>
<p>Campos de aplicación: Vertederos, cortinas de olores, cubiertas de obras, vertederos intermedios, plantas de compostaje, contenedores de residuos, fosas sépticas, lodos, cubiertas de transporte, laboratorios de hospitales, remediación, filtros de disolventes, talleres de pintura, vapores de betún, etc.</p>
</div></section></p></div>
</div></div></div><!-- close content main div --></div></div><div id='after_section_2' class='main_color av_default_container_wrap container_wrap sidebar_right'   ><div class='container' ><div class='template-page content  av-content-small alpha units'><div class='post-entry post-entry-type-page post-entry-307'><div class='entry-content-wrapper clearfix'>
</div></div></div><!-- close content main div --></div></div><div id='av_section_3' class='avia-section main_color avia-section-small avia-no-border-styling avia-bg-style-scroll   container_wrap sidebar_right' style = 'background-image: '  ><div class='container' ><div class='template-page content  av-content-small alpha units'><div class='post-entry post-entry-type-page post-entry-307'><div class='entry-content-wrapper clearfix'>
<div class='av-horizontal-gallery av-horizontal-gallery-large-gap av-horizontal-gallery--effect av-horizontal-gallery-1  av-control-default '  itemprop="ImageObject" itemscope="itemscope" itemtype="https://schema.org/ImageObject"   ><div class='avia-slideshow-arrows avia-slideshow-controls'><a href='#prev' class='prev-slide av-horizontal-gallery-prev' aria-hidden='true' data-av_icon='' data-av_iconfont='entypo-fontello'>Anterior</a><a href='#next' class='next-slide av-horizontal-gallery-next' aria-hidden='true' data-av_icon='' data-av_iconfont='entypo-fontello'>Posterior</a></div><div class='av-horizontal-gallery-inner' style='padding-bottom:20%' data-av-height='20'><div class='av-horizontal-gallery-slider'><div class='av-horizontal-gallery-wrap noHover'><img class='av-horizontal-gallery-img' width='300' height='204' src='https://oeko-tex.at/wp-content/uploads/sites/2/2017/09/Office-Lens-20170626-151030-300x204.jpg' title='Office-Lens-20170626-151030' alt='' /><a href='https://oeko-tex.at/wp-content/uploads/sites/2/2017/09/Office-Lens-20170626-151030-1030x700.jpg'  class='av-horizontal-gallery-link' aria-hidden='true' data-av_icon='' data-av_iconfont='entypo-fontello' title=''></a></div><div class='av-horizontal-gallery-wrap noHover'><img class='av-horizontal-gallery-img' width='300' height='244' src='https://oeko-tex.at/wp-content/uploads/sites/2/2021/10/Attofix-Behaelter-EN_1-300x244.png' title='Filtro de olores' alt='' /><a href='https://oeko-tex.at/wp-content/uploads/sites/2/2021/10/Attofix-Behaelter-EN_1.png'  class='av-horizontal-gallery-link' aria-hidden='true' data-av_icon='' data-av_iconfont='entypo-fontello' title=''></a></div><div class='av-horizontal-gallery-wrap noHover'><img class='av-horizontal-gallery-img' width='300' height='123' src='https://oeko-tex.at/wp-content/uploads/sites/2/2021/10/Attofix-Abfall-EN-1-1030x423-1-300x123.png' title='Filtro de olores' alt='' /><a href='https://oeko-tex.at/wp-content/uploads/sites/2/2021/10/Attofix-Abfall-EN-1-1030x423-1.png'  class='av-horizontal-gallery-link' aria-hidden='true' data-av_icon='' data-av_iconfont='entypo-fontello' title=''></a></div><div class='av-horizontal-gallery-wrap noHover'><img class='av-horizontal-gallery-img' width='300' height='204' src='https://oeko-tex.at/wp-content/uploads/sites/2/2017/09/Office-Lens-20170626-150930-300x204.jpg' title='Office-Lens-20170626-150930' alt='' /><a href='https://oeko-tex.at/wp-content/uploads/sites/2/2017/09/Office-Lens-20170626-150930-1030x701.jpg'  class='av-horizontal-gallery-link' aria-hidden='true' data-av_icon='' data-av_iconfont='entypo-fontello' title=''></a></div></div></div></div>
</div></div></div><!-- close content main div --></div></div><div id='after_section_3' class='main_color av_default_container_wrap container_wrap sidebar_right'   ><div class='container' ><div class='template-page content  av-content-small alpha units'><div class='post-entry post-entry-type-page post-entry-307'><div class='entry-content-wrapper clearfix'>

<!-- This site is optimized with the Yoast SEO plugin v15.9 - https://yoast.com/wordpress/plugins/seo/ -->
<title>oeko-tex - Filtro de olores - para cubrir los vertederos intermedios</title>
<meta name="description" content="para cubrir vertederos temporales o biocontenedores. La estera filtrante Attofix de gran superficie contiene 20 veces más carbón activado que..." />
<meta name="robots" content="index, follow, max-snippet:-1, max-image-preview:large, max-video-preview:-1" />
<link rel="canonical" href="https://oeko-tex.at/es/filtro-di-odori-2/" />
<meta property="og:locale" content="es_ES" />
<meta property="og:type" content="article" />
<meta property="og:title" content="oeko-tex - Filtro de olores - para cubrir los vertederos intermedios" />
<meta property="og:description" content="para cubrir vertederos temporales o biocontenedores. La estera filtrante Attofix de gran superficie contiene 20 veces más carbón activado que..." />
<meta property="og:url" content="https://oeko-tex.at/es/filtro-di-odori-2/" />
<meta property="og:site_name" content="oeko-tex" />
<meta property="article:modified_time" content="2021-11-23T11:33:34+00:00" />
<meta name="twitter:card" content="summary_large_image" />
<meta name="twitter:label1" content="Tiempo de lectura">
	<meta name="twitter:data1" content="7 minutos">
<script type="application/ld+json" class="yoast-schema-graph">{"@context":"https://schema.org","@graph":[{"@type":"WebSite","@id":"https://oeko-tex.at/#website","url":"https://oeko-tex.at/","name":"oeko-tex","description":"Just another Lite-Soil GmbH Sites site","potentialAction":[{"@type":"SearchAction","target":"https://oeko-tex.at/?s={search_term_string}","query-input":"required name=search_term_string"}],"inLanguage":"es"},{"@type":"WebPage","@id":"https://oeko-tex.at/es/filtro-di-odori-2/#webpage","url":"https://oeko-tex.at/es/filtro-di-odori-2/","name":"oeko-tex - Filtro de olores - para cubrir los vertederos intermedios","isPartOf":{"@id":"https://oeko-tex.at/#website"},"datePublished":"2017-06-28T23:46:26+00:00","dateModified":"2021-11-23T11:33:34+00:00","description":"para cubrir vertederos temporales o biocontenedores. La estera filtrante Attofix de gran superficie contiene 20 veces m\u00e1s carb\u00f3n activado que...","breadcrumb":{"@id":"https://oeko-tex.at/es/filtro-di-odori-2/#breadcrumb"},"inLanguage":"es","potentialAction":[{"@type":"ReadAction","target":["https://oeko-tex.at/es/filtro-di-odori-2/"]}]},{"@type":"BreadcrumbList","@id":"https://oeko-tex.at/es/filtro-di-odori-2/#breadcrumb","itemListElement":[{"@type":"ListItem","position":1,"item":{"@type":"WebPage","@id":"https://oeko-tex.at/es/","url":"https://oeko-tex.at/es/","name":"Startseite"}},{"@type":"ListItem","position":2,"item":{"@type":"WebPage","@id":"https://oeko-tex.at/es/filtro-di-odori-2/","url":"https://oeko-tex.at/es/filtro-di-odori-2/","name":"Filtro de olores"}}]}]}</script>
<!-- / Yoast SEO plugin. -->
